What is h(21)?
-5
Let k(i) = 17*i**3 - 111*i**2 - 12*i - 24. What is k(7)?
284
Let b(m) = 2012*m + 183208. Give b(-91).
116
Let t(r) = -2*r**2 + 21881*r + 60. Determine t(0).
60
Let g(h) = 8*h**2 - 61*h - 2809. Give g(-15).
-94
Let r(u) = -u**3 - 495*u**2 + 6150*u + 33472. Give r(-507).
10
Let s(q) = 9*q**3 + 5301*q**2 + 151*q + 88890. Determine s(-589).
-49
Let s(j) = -3*j**3 + 216*j**2 + 27326*j - 283. What is s(138)?
-7
Let q(d) = -7968*d - 15357. Calculate q(-2).
579
Let b(w) = -w**2 + 1104*w + 11135. What is b(-10)?
-5
Let x(a) = a**2 + 18150*a - 199757. Calculate x(11).
14
Let z(r) = 136718*r - 956813. What is z(7)?
213
Let h(l) = 67*l**2 + 1171*l - 4605. Give h(4).
1151
Let o(r) = 17877*r + 2359777. Give o(-132).
13
Let c(j) = j**2 + 64204*j + 7817992. Give c(-122).
-12
Let y(w) = -8*w**2 - 372*w + 104. Give y(-35).
3324
Let w(b) = 37*b**2 + 232*b - 8877. Calculate w(-19).
72
Let j(q) = q**3 - 22*q**2 - 557*q + 9071. What is j(31)?
453
Let l(u) = -5*u**3 + 177*u**2 - 1468*u + 8. What is l(17)?
1640
Let f(b) = 4835*b + 178905. Give f(-37).
10
Let j(c) = -c**2 - 857*c - 178636. Give j(-358).
6
Let u(s) = 94*s + 4541. What is u(-50)?
-159
Let c(x) = 2*x**3 - 583*x**2 + 1121*x - 241539. Determine c(291).
-9
Let z(b) = b**3 + 51*b**2 - 450*b + 6202. Determine z(-60).
802
Let u(b) = -16*b**2 + 6391*b + 29512. What is u(404)?
20
Let q(b) = 2*b**3 - 43*b**2 + 233*b - 15. What is q(9)?
57
Let k(d) = 4297*d - 8719. Calculate k(2).
-125
Let m(d) = 1736*d + 19980. Calculate m(-13).
-2588
Let z(j) = j**3 - 10*j**2 - 216*j + 2149. Calculate z(10).
-11
Let g(p) = -410*p + 1024. Determine g(3).
-206
Let x(z) = -1991*z + 75648. Calculate x(38).
-10
Let p(u) = -u**2 - 477*u - 23525. Give p(-52).
-1425
Let b(x) = -505804*x + 7081241. Determine b(14).
-15
Let l(u) = u**3 - 41*u**2 - 604*u - 859. Calculate l(53).
837
Let t(b) = 91*b**2 - 71888*b - 1593. Give t(790).
-13
Let u(r) = -r**3 + 20*r**2 - 406*r + 3066. Give u(10).
6
Let j(f) = -f**3 - 155*f**2 - 1307*f + 20570. Determine j(-145).
-165
Let s(o) = 2493*o + 37898. Determine s(-15).
503
Let h(v) = 2*v**3 - 3*v**2 - 116*v + 283. What is h(-13)?
-3110
Let j(i) = -30*i**2 - 74*i + 2484. Determine j(8).
-28
Let m(c) = 27*c**2 + 21*c - 61. Give m(-3).
119
Let p(l) = 1275*l - 5750. Give p(3).
-1925
Let f(z) = -6*z**2 + 14*z + 12. Give f(6).
-120
Let a(z) = -589*z**2 - 1346*z + 1257. Give a(-3).
-6
Let h(l) = 104*l**2 + 1604*l + 660. Give h(-15).
0
Let i(z) = 7*z**2 - 291*z - 2935. Determine i(49).
-387
Let d(v) = -11*v**2 - 41*v + 50. What is d(-13)?
-1276
Let a(m) = -966222*m - 5. Calculate a(0).
-5
Let d(t) = -1488*t + 16418. Give d(11).
50
Let r(h) = -5*h**3 - 14*h**2 - 56*h - 15. Determine r(-4).
305
Let a(s) = s**3 - 4*s**2 - 62*s - 439. What is a(0)?
-439
Let k(g) = -232*g**2 + 87*g + 12. Give k(0).
12
Let h(r) = -2*r**2 - 195*r - 63. Calculate h(-98).
-161
Let o(k) = -11*k**3 - 33*k**2 - 28*k - 137. Calculate o(-6).
1219
Let h(u) = 21*u**3 + 226*u**2 - 53*u - 60. What is h(-11)?
-82
Let h(o) = -2829*o - 39639. Give h(-14).
-33
Let u(l) = 3*l**2 + 87*l - 492. Calculate u(-34).
18
Let j(x) = -4155*x - 839306. Calculate j(-202).
4
Let g(k) = -8297*k - 33098. What is g(-4)?
90
Let b(n) = -3*n**2 - 4237*n + 77253. What is b(18)?
15
Let y(o) = o**3 - 45*o**2 - 106*o + 1657. Calculate y(47).
1093
Let q(f) = 28866*f - 230923. Give q(8).
5
Let g(b) = -2*b**2 - 718*b - 63517. What is g(-201)?
-1
Let y(r) = 452*r + 75621. Give y(-167).
137
Let m(l) = 16*l**2 + 886*l + 881. Calculate m(-1).
11
Let t(c) = -7*c**3 + 122*c**2 - 428*c + 248. Determine t(3).
-127
Let m(i) = 4609*i - 783529. Give m(170).
1
Let f(m) = -2*m**3 + m**2 + 614*m - 2651. Determine f(15).
34
Let p(i) = 61*i**3 + i**2 + 356*i + 1087. Give p(-3).
-1619
Let y(c) = 53025*c - 159091. Determine y(3).
-16
Let f(b) = 71853*b + 2586717. Determine f(-36).
9
Let x(u) = -10*u**2 - 6025*u - 36162. Calculate x(-6).
-372
Let g(o) = -93*o**2 + 72*o - 54. What is g(1)?
-75
Let r(q) = -2023*q - 135580. Give r(-67).
-39
Let v(c) = -321*c - 3776. Give v(-11).
-245
Let j(g) = 2*g**2 - 1166*g + 134604. Give j(425).
304
Let h(u) = 21*u**2 - 1059*u + 1199. Give h(47).
-2185
Let a(p) = 7*p**3 + 9885*p**2 + 31002*p + 5638. Give a(-1409).
2
Let k(o) = -795395*o + 27838824. Calculate k(35).
-1
Let c(l) = -184*l - 539. Calculate c(-3).
13
Let r(j) = -16*j**2 + 631*j + 1824. Calculate r(42).
102
Let v(z) = -11607*z + 23226. Calculate v(2).
12
Let v(j) = -4717*j - 1382069. Give v(-293).
12
Let a(x) = 107*x**2 - 271*x - 1325. Calculate a(-5).
2705
Let i(c) = -3238*c - 16264. Give i(-5).
-74
Let y(o) = 2*o**3 + 50*o**2 - 511*o - 11936. Calculate y(-26).
-2
Let t(a) = -a**3 + 3*a**2 - 800*a + 2393. What is t(3)?
-7
Let i(f) = -2*f**3 + 171*f**2 - 810*f + 26. Determine i(5).
1
Let b(o) = 2*o**3 + 6*o**2 + 51*o + 47. Calculate b(-1).
0
Let c(u) = 6*u**2 - 128*u - 6335. Calculate c(-27).
1495
Let w(i) = 72*i**3 - 230*i**2 - 171*i + 497. Determine w(3).
-142
Let b(q) = 792*q**2 - 9480*q - 162. What is b(12)?
126
Let f(d) = 205*d + 238. What is f(-3)?
-377
Let s(v) = 786*v - 161134. Determine s(205).
-4
Let o(b) = -2*b**3 + 294*b**2 - 522*b + 33584. Determine o(146).
4
Let d(l) = -31607*l - 189609. What is d(-6)?
33
Let a(p) = -4*p**2 - 222*p - 2141. What is a(-10)?
-321
Let z(i) = -i**2 - 173*i + 8758. Give z(41).
-16
Let h(i) = -2*i**2 + 12681*i - 88662. What is h(7)?
7
Let n(z) = -364*z**2 - 19*z + 31. What is n(1)?
-352
Let y(j) = -j**3 + 61*j**2 - 883*j - 38. Give y(37).
147
Let r(a) = -2880*a - 11393. What is r(-4)?
127
Let w(o) = -2*o**3 + 66*o**2 - 506*o - 492. Determine w(19).
2
Let t(h) = -h**3 + 30*h**2 - 104*h + 54. Calculate t(26).
54
Let z(a) = 123*a**2 + 15129*a + 14996. Calculate z(-122).
-10
Let d(m) = -m**2 + 144*m - 4040. What is d(35)?
-225
Let i(r) = -r**3 - 96*r**2 + 3495*r - 644. Give i(28).
0
Let a(k) = -2*k**2 - 1662*k + 8315. Calculate a(5).
-45
Let j(l) = l**3 + 87*l**2 - 2305*l + 42. Calculate j(21).
-735
Let z(x) = -11*x**2 - 759*x - 11351. What is z(-16)?
-2023
Let q(a) = -3690*a**3 + 7*a**2 - 104*a - 112. Give q(-1).
3689
Let w(a) = -a**3 + 47*a**2 + 32*a + 3244. What is w(49)?
10
Let q(g) = 385*g + 15145. Give q(-39).
130
Let n(i) = -1236*i - 179243. What is n(-145)?
-23
Let b(r) = r**3 - 13137*r**2 + 118147*r + 48. Give b(9).
3
Let g(h) = -412*h**2 - 6671*h - 13332. Calculate g(-2).
-1638
Let f(q) = -q**3 + 88*q**2 - 2343*q + 143755. Determine f(81).
-101
Let y(b) = 30*b**2 - 3082*b - 262. Calculate y(103).
562
Let j(q) = -373*q**2 + 110*q - 213. Calculate j(2).
-1485
Let g(h) = -5665*h - 662630. Give g(-117).
175
Let j(a) = -a**3 - 488*a**2 - 483*a + 1959. What is j(-487)?
11
Let l(f) = -294358*f - 2060505. What is l(-7)?
1
Let f(k) = -1074*k - 70669. Calculate f(-67).
1289
Let l(b) = -300869*b - 601759. Give l(-2).
-21
Let p(r) = -r**3 - 1559*r**2 - 234920*r - 13892. Give p(-1390).
8
Let n(i) = 3*i**3 + 544*i**2 + 260*i + 13574. Give n(-181).
-725
Let j(g) = -g**3 + 122*g**2 - 239*g - 886. Calculate j(120).
-766
Let z(l) = 58*l**2 - 1051*l + 623. Determine z(17).
-482
Let c(j) = 4*j**3 + 44*j**2 - 22*j + 109. Calculate c(-12).
-203
Let z(d) = -d**3 - 22648*d**2 + 113257*d + 39. Give z(5).
-1
Let y(f) = -15397*f + 12825693. Calculate y(833).
-8
Let o(k) = k**2 + 1868*k + 16753. What is o(-9)?
22
Let w(x) = 3*x**2 + 9791*x - 6901087. Give w(596).
-3
Let b(q) = -2*q**2 + 972*q + 29942. Give b(-29).
72
Let c(l) = -l**3 + 445*l**2 + 11743*l + 3235. What is c(470)?
-55
Let g(n) = 11*n**2 - 279*n + 613. What is g(23)?
15
Let a(u) = 6*u**2 + 21998*u + 263116. What is a(-12)?
4
Let y(b) = 14*b**2 + 6430*b - 58976. What is y(9)?
28
Let u(d) = 991*d**2 - 16*d + 17. What is u(1)?
992
Let m(g) = 5163*g + 72313. Calculate m(-14).
31
Let c(h) = 207*h - 1991. Determine c(7).
-542
Let w(i) = 22568*i + 676988. Give w(-30).
-52
Let s(f) = 16835*f - 16774. Determine s(1).
61
Let p(z) = -2*z**3 + 265*z**2 + 937*z + 1986. Determine p(136).
-54
Let g(n) = -1127*n + 244555. Calculate g(217).
-4
Let g(w) = w**3 + 49*w**2 + 1268*w + 6842. Give g(-7).
24
Let q(v) = 29*v**2 - 5628*v + 5599. Give q(1).
0
Let i(s) = 104*s - 8393. Determine i(89).
863
Let p(n) = n**3 + 5*n**2 - 779*n + 3951. What is p(5)?
306
Let z(x) = 2*x**3 + 1237*x**2 + 4286*x + 742893. Determine z(-6